{"id":1627,"date":"2025-12-19T18:00:21","date_gmt":"2025-12-19T18:00:21","guid":{"rendered":"https:\/\/pixmap-studio.com\/veezer\/?page_id=1627"},"modified":"2026-04-29T19:05:48","modified_gmt":"2026-04-29T19:05:48","slug":"neiges-du-sud","status":"publish","type":"page","link":"https:\/\/pixmap-studio.com\/veezer\/neiges-du-sud\/","title":{"rendered":"Neiges du Sud"},"content":{"rendered":"\t\t<div data-elementor-type=\"wp-page\" data-elementor-id=\"1627\" class=\"elementor elementor-1627\" data-elementor-post-type=\"page\">\n\t\t\t\t<div class=\"elementor-element elementor-element-13c1530 e-flex e-con-boxed e-con e-parent\" data-id=\"13c1530\" data-element_type=\"container\" data-e-type=\"container\" data-settings=\"{&quot;jet_parallax_layout_list&quot;:[]}\">\n\t\t\t\t\t<div class=\"e-con-inner\">\n\t\t<div class=\"elementor-element elementor-element-6ff873d e-con-full e-flex e-con e-child\" data-id=\"6ff873d\" data-element_type=\"container\" data-e-type=\"container\" data-settings=\"{&quot;jet_parallax_layout_list&quot;:[]}\">\n\t\t<div class=\"elementor-element elementor-element-297202a e-con-full e-flex e-con e-child\" data-id=\"297202a\" data-element_type=\"container\" data-e-type=\"container\" data-settings=\"{&quot;background_background&quot;:&quot;classic&quot;,&quot;jet_parallax_layout_list&quot;:[]}\">\n\t\t\t\t<div class=\"elementor-element elementor-element-0d1a909 elementor-widget__width-inherit elementor-invisible elementor-widget elementor-widget-heading\" data-id=\"0d1a909\" data-element_type=\"widget\" data-e-type=\"widget\" data-settings=\"{&quot;_animation&quot;:&quot;fadeInDown&quot;,&quot;_animation_delay&quot;:2000}\" data-widget_type=\"heading.default\">\n\t\t\t\t<div class=\"elementor-widget-container\">\n\t\t\t\t\t<h3 class=\"elementor-heading-title elementor-size-default\">Photos Veezer<\/h3>\t\t\t\t<\/div>\n\t\t\t\t<\/div>\n\t\t\t\t<div class=\"elementor-element elementor-element-161c4e6 elementor-widget elementor-widget-heading\" data-id=\"161c4e6\" data-element_type=\"widget\" data-e-type=\"widget\" data-widget_type=\"heading.default\">\n\t\t\t\t<div class=\"elementor-widget-container\">\n\t\t\t\t\t<h1 class=\"elementor-heading-title elementor-size-default\">Neiges du Sud<\/h1>\t\t\t\t<\/div>\n\t\t\t\t<\/div>\n\t\t\t\t<\/div>\n\t\t\t\t<\/div>\n\t\t<div class=\"elementor-element elementor-element-84f30b3 e-con-full e-flex e-con e-child\" data-id=\"84f30b3\" data-element_type=\"container\" data-e-type=\"container\" data-settings=\"{&quot;jet_parallax_layout_list&quot;:[]}\">\n\t\t\t\t<div class=\"elementor-element elementor-element-829a382 elementor-widget__width-initial elementor-widget-tablet__width-inherit elementor-widget elementor-widget-text-editor\" data-id=\"829a382\" data-element_type=\"widget\" data-e-type=\"widget\" data-widget_type=\"text-editor.default\">\n\t\t\t\t<div class=\"elementor-widget-container\">\n\t\t\t\t\t\t\t\t\t<p>Une s\u00e9lection de photos des itin\u00e9raires de ski de montagne issues de l&rsquo;ouvrage <a href=\"https:\/\/editions-campanile.fr\/produit\/neiges-du-sud-ski-de-montagne-dans-le-mercantour?srsltid=AfmBOoqYMA4zODnjnEYvXNkbvFddWAzFVyhYe6xDhEcwHG8GOOXDgPm1\" target=\"_blank\" rel=\"noopener\">Neiges du Sud<\/a> (<i>Editions Campanile 2025, Alain Passeron<\/i>) est mise \u00e0 disposition dans l&rsquo;application mobile <a href=\"http:\/\/pixmap-studio.com\/veezer\/\">Veezer<\/a>.<\/p><p>Les photos ont \u00e9t\u00e9 g\u00e9or\u00e9f\u00e9renc\u00e9es et sont publi\u00e9es en pleine r\u00e9solution pour permettre la visualisation d\u00e9taill\u00e9e et le suivi pr\u00e9cis de sa position sur la photo pendant l\u2019itin\u00e9raire en utilisant l&rsquo;application, en compl\u00e9ment du topo papier.<\/p>\t\t\t\t\t\t\t\t<\/div>\n\t\t\t\t<\/div>\n\t\t\t\t<\/div>\n\t\t<div class=\"elementor-element elementor-element-acfea91 e-con-full e-flex e-con e-child\" data-id=\"acfea91\" data-element_type=\"container\" data-e-type=\"container\" data-settings=\"{&quot;jet_parallax_layout_list&quot;:[]}\">\n\t\t\t\t<div class=\"elementor-element elementor-element-6d0268a elementor-widget elementor-widget-image\" data-id=\"6d0268a\" data-element_type=\"widget\" data-e-type=\"widget\" data-widget_type=\"image.default\">\n\t\t\t\t<div class=\"elementor-widget-container\">\n\t\t\t\t\t\t\t\t\t\t\t\t\t\t\t<img fetchpriority=\"high\" decoding=\"async\" width=\"202\" height=\"420\" src=\"https:\/\/pixmap-studio.com\/veezer\/wp-content\/uploads\/2025\/12\/roche-grande2-red.png\" class=\"attachment-large size-large wp-image-1665\" alt=\"\" srcset=\"https:\/\/pixmap-studio.com\/veezer\/wp-content\/uploads\/2025\/12\/roche-grande2-red.png 202w, https:\/\/pixmap-studio.com\/veezer\/wp-content\/uploads\/2025\/12\/roche-grande2-red-144x300.png 144w\" sizes=\"(max-width: 202px) 100vw, 202px\" \/>\t\t\t\t\t\t\t\t\t\t\t\t\t\t\t<\/div>\n\t\t\t\t<\/div>\n\t\t<div class=\"elementor-element elementor-element-849e4e0 e-con-full e-flex e-con e-child\" data-id=\"849e4e0\" data-element_type=\"container\" data-e-type=\"container\" data-settings=\"{&quot;jet_parallax_layout_list&quot;:[]}\">\n\t\t<div class=\"elementor-element elementor-element-4b88dbd e-con-full e-flex e-con e-child\" data-id=\"4b88dbd\" data-element_type=\"container\" data-e-type=\"container\" data-settings=\"{&quot;jet_parallax_layout_list&quot;:[]}\">\n\t\t<div class=\"elementor-element elementor-element-0c2ac69 e-con-full e-flex e-con e-child\" data-id=\"0c2ac69\" data-element_type=\"container\" data-e-type=\"container\" data-settings=\"{&quot;background_background&quot;:&quot;classic&quot;,&quot;jet_parallax_layout_list&quot;:[]}\">\n\t\t<div class=\"elementor-element elementor-element-44402e8 e-con-full e-flex e-con e-child\" data-id=\"44402e8\" data-element_type=\"container\" data-e-type=\"container\" data-settings=\"{&quot;jet_parallax_layout_list&quot;:[]}\">\n\t\t\t\t<div class=\"elementor-element elementor-element-5fb8052 elementor-widget__width-initial elementor-widget elementor-widget-text-editor\" data-id=\"5fb8052\" data-element_type=\"widget\" data-e-type=\"widget\" data-widget_type=\"text-editor.default\">\n\t\t\t\t<div class=\"elementor-widget-container\">\n\t\t\t\t\t\t\t\t\t<h2>Photos des itin\u00e9raires<\/h2>\t\t\t\t\t\t\t\t<\/div>\n\t\t\t\t<\/div>\n\t\t\t\t<div class=\"elementor-element elementor-element-86f38c3 elementor-hidden-tablet elementor-hidden-mobile elementor-widget elementor-widget-text-editor\" data-id=\"86f38c3\" data-element_type=\"widget\" data-e-type=\"widget\" data-widget_type=\"text-editor.default\">\n\t\t\t\t<div class=\"elementor-widget-container\">\n\t\t\t\t\t\t\t\t\t<p><em>Scannez ce code depuis votre smartphone pour voir les photos dans l&rsquo;application Veezer.<\/em><\/p>\t\t\t\t\t\t\t\t<\/div>\n\t\t\t\t<\/div>\n\t\t\t\t<div class=\"elementor-element elementor-element-91f470c elementor-hidden-desktop elementor-widget elementor-widget-text-editor\" data-id=\"91f470c\" data-element_type=\"widget\" data-e-type=\"widget\" data-widget_type=\"text-editor.default\">\n\t\t\t\t<div class=\"elementor-widget-container\">\n\t\t\t\t\t\t\t\t\t<p><em>Choisissez une photo \u00e0 ouvrir dans l&rsquo;application Veezer.<\/em><\/p>\t\t\t\t\t\t\t\t<\/div>\n\t\t\t\t<\/div>\n\t\t\t\t<\/div>\n\t\t\t\t<div class=\"elementor-element elementor-element-beea6ac elementor-widget__width-inherit elementor-widget elementor-widget-text-editor\" data-id=\"beea6ac\" data-element_type=\"widget\" data-e-type=\"widget\" data-widget_type=\"text-editor.default\">\n\t\t\t\t<div class=\"elementor-widget-container\">\n\t\t\t\t\t\t\t\t\t<p><span style=\"text-decoration: underline;\"><strong>Tome 1<\/strong><\/span><\/p>\n<ul>\n<li><a href=\"https:\/\/pixmap-studio.com\/veezer\/view?name=Cime%20N%C3%A8gre&amp;lang=fr&amp;link=https%3A%2F%2Fpixmap-studio.com%2Fveezer%2Fsamples%2Fneiges-du-sud%2Fdata%2FVeezer-CimeNegre.ovz&amp;view\"><em>Cime N\u00e8gre<\/em><\/a><\/li>\n<li><a href=\"https:\/\/pixmap-studio.com\/veezer\/view?name=Tour%20de%20Claus&amp;lang=fr&amp;link=https%3A%2F%2Fpixmap-studio.com%2Fveezer%2Fsamples%2Fneiges-du-sud%2Fdata%2FVeezer-Tour-de-Claus.ovz\"><em>Tour de Claus<\/em><\/a><\/li>\n<li><a href=\"https:\/\/pixmap-studio.com\/veezer\/view?name=Cime%20de%20l%27Alpe&amp;lang=fr&amp;link=https%3A%2F%2Fpixmap-studio.com%2Fveezer%2Fsamples%2Fneiges-du-sud%2Fdata%2FVeezer-Cime-de-l-Alpe.ovz\"><em>Cime de l&rsquo;Alpe<\/em><\/a><\/li>\n<li><a href=\"https:\/\/pixmap-studio.com\/veezer\/view?name=T%C3%AAte%20Sud%20des%20Bresses&amp;lang=fr&amp;link=https%3A%2F%2Fpixmap-studio.com%2Fveezer%2Fsamples%2Fneiges-du-sud%2Fdata%2FVeezer-Tete-Sud-des-Bresses.ovz\"><em>T\u00eate Sud des Bresses<\/em><\/a><\/li>\n<li><a href=\"https:\/\/pixmap-studio.com\/veezer\/view?name=Lac%20N%C3%A8gre&amp;lang=fr&amp;link=https%3A%2F%2Fpixmap-studio.com%2Fveezer%2Fsamples%2Fneiges-du-sud%2Fdata%2FVeezer-LacNegre.ovz\"><em>Lac N\u00e8gre<\/em><\/a><\/li>\n<li><a href=\"https:\/\/pixmap-studio.com\/veezer\/view?name=Croix%20de%20Carl%C3%A9&amp;lang=fr&amp;link=https%3A%2F%2Fpixmap-studio.com%2Fveezer%2Fsamples%2Fneiges-du-sud%2Fdata%2FVeezer-Croix-de-Carle.ovz\"><em>Croix de Carl\u00e9<\/em><\/a><\/li>\n<li><a href=\"https:\/\/pixmap-studio.com\/veezer\/view?name=Pointe%20Giegn&amp;lang=fr&amp;link=https%3A%2F%2Fpixmap-studio.com%2Fveezer%2Fsamples%2Fneiges-du-sud%2Fdata%2FVeezer-PointeGiegn.ovz\"><em>Pointe Giegn<\/em><\/a><\/li>\n<\/ul><div><br><\/div>\n<p><span style=\"text-decoration: underline;\"><strong>Tome 2<\/strong><\/span><\/p>\n<ul>\n<li><a href=\"https:\/\/pixmap-studio.com\/veezer\/view?name=Gipi%C3%A8re%2C%20Estenc&amp;lang=fr&amp;link=https%3A%2F%2Fpixmap-studio.com%2Fveezer%2Fsamples%2Fneiges-du-sud%2Fdata%2FVeezer-Gipiere-Estenc.ovz\"><em>Gipi\u00e8re, Estenc<\/em><\/a><\/li>\n<li><a href=\"https:\/\/pixmap-studio.com\/veezer\/view?name=Roche%20Grande%2C%20Estenc%0A&amp;lang=fr&amp;link=https%3A%2F%2Fpixmap-studio.com%2Fveezer%2Fsamples%2Fneiges-du-sud%2Fdata%2FVeezer-RocheGrande-Estenc.ovz\"><em>Roche Grande, Estenc<\/em><\/a><\/li>\n<li><a href=\"https:\/\/pixmap-studio.com\/veezer\/view?name=Pierre%20Eclat%C3%A9e%2C%20Bayasse%0A&amp;lang=fr&amp;link=https%3A%2F%2Fpixmap-studio.com%2Fveezer%2Fsamples%2Fneiges-du-sud%2Fdata%2FVeezer-PierreEclatee-Bayasse.ovz\"><em>Pierre Eclat\u00e9e, Bayasse<\/em><\/a><\/li>\n<li><a href=\"https:\/\/pixmap-studio.com\/veezer\/view?name=Sommet%20des%20Garrets%2C%20Estenc%0A&amp;lang=fr&amp;link=https%3A%2F%2Fpixmap-studio.com%2Fveezer%2Fsamples%2Fneiges-du-sud%2Fdata%2FVeezer-Sommet-des-Garrets.ovz\"><em>Sommet des Garrets, Estenc<\/em><\/a><\/li>\n<li><a href=\"https:\/\/pixmap-studio.com\/veezer\/view?name=Boucharde%2C%20Estenc%0A&amp;lang=fr&amp;link=https%3A%2F%2Fpixmap-studio.com%2Fveezer%2Fsamples%2Fneiges-du-sud%2Fdata%2FVeezer-Boucharde-Estenc.ovz\"><em>Boucharde, Estenc<\/em><\/a><\/li>\n<li><a href=\"https:\/\/pixmap-studio.com\/veezer\/view?name=T%C3%AAte%20du%20Lac&amp;lang=fr&amp;link=https%3A%2F%2Fpixmap-studio.com%2Fveezer%2Fsamples%2Fneiges-du-sud%2Fdata%2FVeezer-Tete-du-Lac.ovz\"><em>T\u00eate du Lac, Estenc<\/em><\/a><\/li>\n<li><a href=\"https:\/\/pixmap-studio.com\/veezer\/view?name=Cime%20de%20Pal&amp;lang=fr&amp;link=https%3A%2F%2Fpixmap-studio.com%2Fveezer%2Fsamples%2Fneiges-du-sud%2Fdata%2FVeezer-Cime-de-Pal.ovz\"><em>Cime de Pal, Estenc<\/em><\/a><\/li>\n<li><a href=\"https:\/\/pixmap-studio.com\/veezer\/view?name=Travers%C3%A9e%20Sanguini%C3%A8re-Sanguineirette&amp;lang=fr&amp;link=https%3A%2F%2Fpixmap-studio.com%2Fveezer%2Fsamples%2Fneiges-du-sud%2Fdata%2FVeezer-Sanguiniere.ovz\"><em>Sanguini\u00e8re-Sanguineirette, Estenc<\/em><\/a><\/li>\n<\/ul><div><br><\/div>\n<p><span style=\"text-decoration: underline;\"><strong>Autre<\/strong><\/span><\/p>\n<ul>\n<li><a href=\"https:\/\/pixmap-studio.com\/veezer\/view?name=Mont%20B%C3%A9go%0A&amp;lang=fr&amp;link=https%3A%2F%2Fpixmap-studio.com%2Fveezer%2Fsamples%2Fneiges-du-sud%2Fdata%2FVeezer-MontBego.ovz\"><em>Mont B\u00e9go<\/em><\/a><\/li>\n<li><a href=\"https:\/\/pixmap-studio.com\/veezer\/view?name=Sanguini%C3%A8re%20Ouest%201&amp;lang=fr&amp;link=https%3A%2F%2Fpixmap-studio.com%2Fveezer%2Fsamples%2Fneiges-du-sud%2Fdata%2FVeezer-Sanguiniere-Ouest-1.ovz\"><em>Sanguini\u00e8re &#8211; Vue Ouest 1<\/em><\/a><\/li>\n<li><a href=\"https:\/\/pixmap-studio.com\/veezer\/view?name=Sanguini%C3%A8re%20Ouest%202&amp;lang=fr&amp;link=https%3A%2F%2Fpixmap-studio.com%2Fveezer%2Fsamples%2Fneiges-du-sud%2Fdata%2FVeezer-Sanguiniere-Ouest-2.ovz\"><em>Sanguini\u00e8re &#8211; Vue Ouest 2<\/em><\/a><\/li>\n<\/ul><div><br><\/div>\n<p><em>D&rsquo;autres itin\u00e9raires seront ajout\u00e9s prochainement.<\/em><\/p>\t\t\t\t\t\t\t\t<\/div>\n\t\t\t\t<\/div>\n\t\t\t\t<div class=\"elementor-element elementor-element-f85bb9d elementor-hidden-tablet elementor-hidden-mobile elementor-widget elementor-widget-image\" data-id=\"f85bb9d\" data-element_type=\"widget\" data-e-type=\"widget\" data-widget_type=\"image.default\">\n\t\t\t\t<div class=\"elementor-widget-container\">\n\t\t\t\t\t\t\t\t\t\t\t\t\t\t\t<img decoding=\"async\" width=\"500\" height=\"500\" src=\"https:\/\/pixmap-studio.com\/veezer\/wp-content\/uploads\/2026\/01\/neiges-du-sud-QRCode.png\" class=\"attachment-large size-large wp-image-1835\" alt=\"\" srcset=\"https:\/\/pixmap-studio.com\/veezer\/wp-content\/uploads\/2026\/01\/neiges-du-sud-QRCode.png 500w, https:\/\/pixmap-studio.com\/veezer\/wp-content\/uploads\/2026\/01\/neiges-du-sud-QRCode-300x300.png 300w, https:\/\/pixmap-studio.com\/veezer\/wp-content\/uploads\/2026\/01\/neiges-du-sud-QRCode-150x150.png 150w\" sizes=\"(max-width: 500px) 100vw, 500px\" \/>\t\t\t\t\t\t\t\t\t\t\t\t\t\t\t<\/div>\n\t\t\t\t<\/div>\n\t\t\t\t<\/div>\n\t\t\t\t<\/div>\n\t\t\t\t<\/div>\n\t\t\t\t<\/div>\n\t\t<div class=\"elementor-element elementor-element-ea6f4fb e-con-full e-flex e-con e-child\" data-id=\"ea6f4fb\" data-element_type=\"container\" data-e-type=\"container\" data-settings=\"{&quot;jet_parallax_layout_list&quot;:[]}\">\n\t\t<div class=\"elementor-element elementor-element-06effd1 e-con-full e-flex e-con e-child\" data-id=\"06effd1\" data-element_type=\"container\" data-e-type=\"container\" data-settings=\"{&quot;jet_parallax_layout_list&quot;:[]}\">\n\t\t\t\t<div class=\"elementor-element elementor-element-bf4a90c elementor-widget elementor-widget-video\" data-id=\"bf4a90c\" data-element_type=\"widget\" data-e-type=\"widget\" data-settings=\"{&quot;youtube_url&quot;:&quot;https:\\\/\\\/youtube.com\\\/shorts\\\/komwJzMV30Y&quot;,&quot;video_type&quot;:&quot;youtube&quot;,&quot;controls&quot;:&quot;yes&quot;}\" data-widget_type=\"video.default\">\n\t\t\t\t<div class=\"elementor-widget-container\">\n\t\t\t\t\t\t\t<div class=\"elementor-wrapper elementor-open-inline\">\n\t\t\t<div class=\"elementor-video\"><\/div>\t\t<\/div>\n\t\t\t\t\t\t<\/div>\n\t\t\t\t<\/div>\n\t\t\t\t<\/div>\n\t\t\t\t<\/div>\n\t\t\t\t\t<\/div>\n\t\t\t\t<\/div>\n\t\t<div class=\"elementor-element elementor-element-94c5020 e-flex e-con-boxed e-con e-parent\" data-id=\"94c5020\" data-element_type=\"container\" data-e-type=\"container\" data-settings=\"{&quot;jet_parallax_layout_list&quot;:[]}\">\n\t\t\t\t\t<div class=\"e-con-inner\">\n\t\t<div class=\"elementor-element elementor-element-ad93764 e-con-full e-flex e-con e-child\" data-id=\"ad93764\" data-element_type=\"container\" data-e-type=\"container\" data-settings=\"{&quot;jet_parallax_layout_list&quot;:[]}\">\n\t\t\t\t<div class=\"elementor-element elementor-element-c0b1ebe elementor-widget__width-initial elementor-widget-tablet__width-inherit elementor-widget elementor-widget-text-editor\" data-id=\"c0b1ebe\" data-element_type=\"widget\" data-e-type=\"widget\" data-widget_type=\"text-editor.default\">\n\t\t\t\t<div class=\"elementor-widget-container\">\n\t\t\t\t\t\t\t\t\t<p>\u00a9 2025 Editions Campanile. Tous droits r\u00e9serv\u00e9s. Les images pr\u00e9sentes sur ce site sont prot\u00e9g\u00e9es par le droit d\u2019auteur. Toute reproduction ou diffusion, m\u00eame partielle, est interdite sans autorisation \u00e9crite.<\/p><p>Les photos et les itin\u00e9raires sont fournis sans aucune garantie. Sur le terrain vos choix engagent votre responsabilit\u00e9 et votre s\u00e9curit\u00e9.<\/p><p>L&rsquo;ouvrage <em>Neiges du Sud Tome 2<\/em> est en pr\u00e9paration et n&rsquo;est pas encore disponible.<\/p><p><a href=\"https:\/\/pixmap-studio.com\/veezer\/contact\/\">Contactez-nous<\/a> pour toute question sur l\u2019application Veezer ou sur les itin\u00e9raires propos\u00e9s.<\/p>\t\t\t\t\t\t\t\t<\/div>\n\t\t\t\t<\/div>\n\t\t\t\t<\/div>\n\t\t<div class=\"elementor-element elementor-element-691cfd1 e-con-full e-flex e-con e-child\" data-id=\"691cfd1\" data-element_type=\"container\" data-e-type=\"container\" data-settings=\"{&quot;jet_parallax_layout_list&quot;:[]}\">\n\t\t<div class=\"elementor-element elementor-element-11cf69d e-con-full e-flex e-con e-child\" data-id=\"11cf69d\" data-element_type=\"container\" data-e-type=\"container\" data-settings=\"{&quot;background_background&quot;:&quot;classic&quot;,&quot;jet_parallax_layout_list&quot;:[]}\">\n\t\t\t\t<div class=\"elementor-element elementor-element-13ffced elementor-widget__width-inherit elementor-invisible elementor-widget elementor-widget-heading\" data-id=\"13ffced\" data-element_type=\"widget\" data-e-type=\"widget\" data-settings=\"{&quot;_animation&quot;:&quot;fadeInDown&quot;,&quot;_animation_delay&quot;:2000}\" data-widget_type=\"heading.default\">\n\t\t\t\t<div class=\"elementor-widget-container\">\n\t\t\t\t\t<h3 class=\"elementor-heading-title elementor-size-default\">Veezer, l'application mobile de rep\u00e9rage et de g\u00e9olocalisation sur photos <\/h3>\t\t\t\t<\/div>\n\t\t\t\t<\/div>\n\t\t\t\t<\/div>\n\t\t\t\t<\/div>\n\t\t\t\t\t<\/div>\n\t\t\t\t<\/div>\n\t\t\t\t<\/div>\n\t\t","protected":false},"excerpt":{"rendered":"<p>Photos Veezer Neiges du Sud Une s\u00e9lection de photos des itin\u00e9raires de ski de montagne issues de l&rsquo;ouvrage Neiges du Sud (Editions Campanile 2025, Alain Passeron) est mise \u00e0 disposition dans l&rsquo;application mobile Veezer. Les photos ont \u00e9t\u00e9 g\u00e9or\u00e9f\u00e9renc\u00e9es et sont publi\u00e9es en pleine r\u00e9solution pour permettre la visualisation d\u00e9taill\u00e9e et le suivi pr\u00e9cis de [&hellip;]<\/p>\n","protected":false},"author":2,"featured_media":0,"parent":0,"menu_order":0,"comment_status":"closed","ping_status":"closed","template":"elementor_canvas","meta":{"footnotes":""},"class_list":["post-1627","page","type-page","status-publish","hentry"],"_links":{"self":[{"href":"https:\/\/pixmap-studio.com\/veezer\/wp-json\/wp\/v2\/pages\/1627","targetHints":{"allow":["GET"]}}],"collection":[{"href":"https:\/\/pixmap-studio.com\/veezer\/wp-json\/wp\/v2\/pages"}],"about":[{"href":"https:\/\/pixmap-studio.com\/veezer\/wp-json\/wp\/v2\/types\/page"}],"author":[{"embeddable":true,"href":"https:\/\/pixmap-studio.com\/veezer\/wp-json\/wp\/v2\/users\/2"}],"replies":[{"embeddable":true,"href":"https:\/\/pixmap-studio.com\/veezer\/wp-json\/wp\/v2\/comments?post=1627"}],"version-history":[{"count":172,"href":"https:\/\/pixmap-studio.com\/veezer\/wp-json\/wp\/v2\/pages\/1627\/revisions"}],"predecessor-version":[{"id":2328,"href":"https:\/\/pixmap-studio.com\/veezer\/wp-json\/wp\/v2\/pages\/1627\/revisions\/2328"}],"wp:attachment":[{"href":"https:\/\/pixmap-studio.com\/veezer\/wp-json\/wp\/v2\/media?parent=1627"}],"curies":[{"name":"wp","href":"https:\/\/api.w.org\/{rel}","templated":true}]}}